 2*j + j. Let y = o - c. What is the tens digit of y?
1
Suppose -237 = 6*f - 7*f - 2*u, 5*u - 240 = -f. What is the tens digit of f?
3
Suppose 6*p = 3*p. Let v(m) = -3*m + p + 3 + 9*m**3 - 8*m**3. What is the units digit of v(2)?
5
Suppose 0 = 2*r + v - 335, 706 = 4*r - 3*v + 61. Let m = -98 + r. What is the tens digit of m?
6
Let f(r) = -r + 22. Let n be f(20). Suppose -n*p + 3*p - 108 = 0. What is the units digit of p?
8
Let r(g) = g**2 - g - 36. Let p be r(0). Let w(v) = 5*v - 2. Let d be w(11). Let s = p + d. What is the units digit of s?
7
Let y be -78*(6/9 - 0). What is the tens digit of 21/(y/(-12) + -4)?
6
Suppose 3*k = 5*o - 441, o + 431 = 6*o + 2*k. Let w = 38 - 15. Let z = o - w. What is the units digit of z?
4
Let x = 11 - 8. Suppose x = 3*p - 3, -5*p = i - 26. What is the units digit of (-1)/4*i/(-2)?
2
Let x = -5 + 23. Suppose 0 = 2*v - 8, 4*q - 6 = -v + x. Suppose 5*b = 2*r - q*r + 115, 0 = -5*r - 2*b + 160. What is the units digit of r?
0
Suppose 5*a = -0*a. Let c be 34/6 - 1/(-3). Suppose -2*w - c = a, p - 23 - 2 = 2*w. What is the units digit of p?
9
Let g(o) = 6*o + 81. What is the tens digit of g(6)?
1
Let x(b) = b**3 + 6*b**2 + 2. Let z be x(-6). Let l = 18 + -12. Suppose -d = z*d - l. What is the units digit of d?
2
Let y(j) = 8*j - 1. Let f be y(1). Suppose 0 = -0*i - f*i. Suppose i = 22*m - 20*m - 74. What is the tens digit of m?
3
Suppose d - m - 28 = 0, 2*d = -d - 3*m + 90. Let k = d - 27. What is the units digit of k?
2
Let k be 1178/5 - 15/25. Suppose -5*a - z + 0*z + k = 0, -235 = -5*a + z. What is the units digit of a?
7
Let j(o) = -o**2 - 8*o - 8. Let d be j(-7). Let f be 16/d*(-2)/4. Suppose 24 = t - f. What is the tens digit of t?
3
Let h(s) = -3*s**2 + 10*s + 4. Let d be h(4). What is the tens digit of -1 - 1*(d - 69)?
7
Suppose -3*s - 5*c + 21 = -2*c, 2*s - 2*c = 34. Let u = s + 74. What is the units digit of u?
6
Suppose -17 = -2*b - 7. Suppose 0 = b*x - 435 + 70. What is the units digit of x?
3
Let b = 3014 + -1787. What is the hundreds digit of b?
2
Suppose -3*k = 4*t - 19, 4*t = -4*k - 5 + 25. Let q(b) = 28*b + 12. What is the tens digit of q(t)?
2
Let f(y) = 2*y**2 + 6*y - 4. Let j be f(6). Let x = 186 - j. What is the units digit of x?
2
What is the units digit of (-8035)/(-5) + 3*(-8)/(-6)?
1
Suppose 2*g - 4*g = -5*u + 3551, 4*g = -5*u + 3533. What is the units digit of u?
9
Let b = -9 - -13. Suppose -90 + 18 = -b*j. What is the units digit of j?
8
Suppose 8*g = 5*g + 12. Suppose 0 = 3*k + 2*l - 2, -4*k + 18 = k - g*l. Suppose -k*p + 5*p - 153 = 0. What is the tens digit of p?
5
What is the tens digit of 1768/16*-10*(-3)/5?
6
Suppose -5*k = -4*s + 1363, -4*k + 9*k = -4*s + 1373. What is the tens digit of s?
4
Let r(f) = 2*f**3 - 6*f**2 - f - 7. Let v be r(5). What is the units digit of (-4 - v)*1/(-2)?
6
Suppose -f - i = 2*i + 1, 2*f = -5*i. Suppose 0*o - 5*o = -j + 96, 5*o = f*j - 380. What is the units digit of j?
1
Let z = 0 - 0. Let s = 7 - -73. Suppose -4*d = -z*d - s. What is the units digit of d?
0
Suppose 4*h + 0*h + 1200 = 0. Let f = -99 - h. What is the tens digit of f?
0
Let i be (-6)/1*3/(-6). Suppose 2*m - i = 5. Suppose -2*a - m*h + 19 = -27, -4*a + 92 = -3*h. What is the units digit of a?
3
Let y = 410 - -717. What is the thousands digit of y?
1
Let y(b) = -2*b - 22. Let i(c) = -c - 11. Let q(j) = 13*i(j) - 6*y(j). Let k be q(-15). Suppose -x = -4*m + 9, 4*m - k = m - 2*x. What is the units digit of m?
2
Let v be 8 + 0 + -3 - 0. Suppose 0 = 3*t - 6, -v*t + 40 = -2*z + 7*z. Let h = z + 34. What is the tens digit of h?
4
Let w = -14 + 19. Suppose w*i - 6 - 9 = 0. Suppose 4*m = 4*p + 4, m + 0*p + i*p = 5. What is the units digit of m?
2
Let q be 24/(-5) - (-1)/(-5). Let p be 90/4*(q - -7). Let v = -22 + p. What is the units digit of v?
3
Suppose -2*s - 3*s + 385 = 0. Suppose -2*v + 197 = s. What is the tens digit of v?
6
Let f(q) = -18*q**3 + q + 1. Suppose 0 = 3*h - 8 + 5. Let r be h*(1 + (-1 - 1)). What is the tens digit of f(r)?
1
Let y = -12 + 11. Let x be 0 - (1 - (-9)/y). What is the units digit of -20*(-3 + 18/x)?
5
Suppose -3286 = 49*b - 250540. What is the tens digit of b?
4
Suppose -8*a = -2*a - 3570. What is the hundreds digit of a?
5
Let l(k) = -15*k - 31. Let v be l(-4). Suppose -33*y + v*y = -1100. What is the hundreds digit of y?
2
Let a = 19 - 6. Let h(k) = -k**3 + 13*k**2 - 10. Let i be h(a). What is the tens digit of (i/6)/(8/(-168))?
3
Suppose 8 = -4*o - 4*p, -12 = 2*o - 2*p - 4. Let l = o + 69. What is the tens digit of l?
6
Let x = -10 - 13. Let b be 51/((-9)/6 + 3). Let s = b + x. What is the tens digit of s?
1
Let f(s) = 41*s**2 + 5*s + 20. What is the hundreds digit of f(-5)?
0
Let q(i) = i**2 - i - 3. Let w = -12 - -15. Suppose 4*m - 4*x - x = -41, 0 = -3*m + w*x - 27. What is the tens digit of q(m)?
1
Let s = -245 - 188. Let l = 657 + s. What is the units digit of l?
4
Suppose 1347 = 8*o - 981. Let i = o - 47. What is the hundreds digit of i?
2
Let r = 555 - -13. Suppose 0 = 3*w + 4*g - r, -5*w + 540 = -2*w - 3*g. What is the units digit of w?
4
Suppose 2*r = -2*s + 7*r + 2559, -5*r - 3826 = -3*s. What is the hundreds digit of s?
2
Let a be (-14)/(-18)*694 - 12/(-54). What is the units digit of (6/9)/(8/a)?
5
Suppose 2*v - 28 = -2*h, -3*h = 2*h + 5. Let p = v + -14. What is the units digit of p?
1
Suppose 19 = -2*l + 25. Suppose -123 = -l*y + 3*g, -64 = 5*y - 4*g - 264. What is the units digit of y?
6
Suppose -4*k + q + 0 = -15, 0 = -3*k - 3*q. Let m be (k/15 - -1)*30. Suppose 2*g + 2*y + 2*y = m, -2*g - 3*y = -39. What is the tens digit of g?
2
Suppose -4872 = -4*s + 4*n, -s + 164 = 4*n - 1044. What is the thousands digit of s?
1
Let v be -3*1/(-9)*12. Suppose -9 = y + 5*g, v*y + 31 = g - 5. What is the tens digit of (-6)/(-9) - 138/y?
1
Let r(j) be the first derivative of -5*j**4/4 + 3*j**3 + 3*j**2/2 - 4*j - 4. What is the units digit of r(-3)?
3
Let n(b) = -b**3 - 21*b**2 - 27*b - 6. What is the tens digit of n(-20)?
3
Suppose 0 = -5*f + 93 - 28. Let c(v) = v + 10. What is the units digit of c(f)?
3
Let m = 1476 + -286. What is the thousands digit of m?
1
Let p(r) = -38*r + 6. Let g be p(2). Let d = 150 + g. What is the tens digit of d?
8
Let n = 64 - 74. Suppose 0 = -0*h - h + 47. Let l = h + n. What is the tens digit of l?
3
Let u be 1*-1 - (-3)/(-9)*6. What is the units digit of 107*(6 + u)/3?
7
Let w(h) = h**3 - 7*h**2 - 5*h - 18. Let d be w(8). What is the tens digit of (-4 - (-80)/d)*(-30)/(-4)?
7
Suppose 40*p - 35503 = 10377. What is the units digit of p?
7
Suppose 2 - 24 = 2*i. What is the tens digit of 4 - (2*i - 1)?
2
Suppose -4*d - 3*a + 3847 = 0, -d - 10*a + 13*a = -973. What is the units digit of d?
4
What is the tens digit of (-52005)/(-60) + -3*(-1)/12?
6
Let z(m) = m**3 + 7*m**2 - 7*m + 5. Let q be z(-7). Let h be (4/(-6))/((-4)/q). Suppose -12 = -v + h. What is the units digit of v?
1
Let v(h) = -21*h**2 - 2*h - 22. Let f(l) = -10*l**2 - l - 11. Let d(p) = -7*f(p) + 3*v(p). What is the units digit of d(-6)?
7
Let o(w) = -w**3 - 5*w**2 - 2*w - 20. Let l be o(-5). What is the tens digit of -43*(48/l + 3/(-15))?
1
Let h = -96 - -102. Let w(p) = -p**3 + 13*p**2 - 2*p + 5. What is the tens digit of w(h)?
4
Let b(u) = 1610*u**3 - 4*u**2 + 4*u - 1. What is the thousands digit of b(1)?
1
Let t(b) = 5*b**2 - 16*b - 4. Let s(l) = -11*l**2 + 33*l + 7. Let y(o) = -6*s(o) - 13*t(o). Let q be y(-10). Let i = 32 + q. What is the tens digit of i?
4
Suppose -5*f - 2032 - 3144 = -u, 4*u + 3*f = 20819. What is the thousands digit of u?
5
Suppose 0*l + 15 = 5*l. Suppose -v = 3*v + 4*q - 100, -118 = -5*v + 2*q. Suppose 2*x + v = l*x. What is the tens digit of x?
2
Suppose 34*l - 7*l = 74277. What is the units digit of l?
1
Suppose 0 = 5*z - 5*p - 21125, 26*p - 21109 = -5*z + 23*p. What is the thousands digit of z?
4
Let w(l) be the second derivative of -l**5/20 - 7*l**4/6 + 2*l**3 + 8*l**2 - 13*l. What is the tens digit of w(-15)?
6
Suppose -3*f + 6*f = -4*v - 757, 0 = -4*v + 20. Let h = 388 + f. What is the hundreds digit of h?
1
Suppose 0*h + 93 = -3*h - 3*z, 4*h + 2*z = -114. Let n = h - -67. What is the tens digit of n?
4
Let w be 5*((-176)/(-130) - (-6)/(-39)). Let l(n) = n**3 - 7*n**2 - 7*n - 5. Let f be l(8). What is the units digit of w*(15/(-6) + f)?
